lue of 1 - (108 - (5 - (-1 + 2 + -71 + 63)))?
-95
What is the value of 5 + -24 + (7 - (8 + -14 - -8)) + 12?
-2
Calculate 558 + -613 - (8 - 174).
111
What is the value of -275 + 207 + -5 + 4 + 0 + 1?
-68
-33 + -39 + 27 + (-87 - -44)
-88
45 - (11 + -16) - (43 - 27)
34
Calculate 4 - (0 - (1 + 48)) - (0 + 17).
36
What is the value of -8 - (-22 + 20 - 10 - -2)?
2
Evaluate (45 - 0) + -47 - 2.
-4
What is the value of -18 - ((-18 - -30) + -18 - -46)?
-58
What is the value of -37 + 2 - (72 + -139)?
32
What is the value of -12 - (2 - (5 + 0 - -10)) - -42?
43
-44 + (164 - (244 + -141))
17
Calculate (63 - 20 - 26) + -73 + -21 + 3.
-74
-48 + (71 - 63 - -75)
35
Evaluate (76 - (11 - (-11 + 23))) + (-25 - -11 - -22).
85
Evaluate 11 + -2 + -99 + 87 + -17 + 1.
-19
384 + -368 - (6 + 21)
-11
Evaluate (58 - 5) + 4 + 2 + -14 - 6.
39
11 - -18 - (-1 + (20 - 32))
42
Calculate (60 - 2) + -31 - -13.
40
Evaluate -22 + -2 + -1 + (-773 - -737).
-61
(-114 - (43 + -70)) + -26
-113
-147 + 0 - (-1451 - -1371)
-67
What is the value of (1097 - 1056) + 3 + -6 + -24?
14
What is the value of 7 + -4 + -3 + (107 + -113 - (1 + 3))?
-10
-13 - -27 - (-34 + 6 - -7)
35
22 + (-7 - (14 - 7) - -3) + -58
-47
Calculate 8 - ((-14 - -13) + 5 - 21).
25
Evaluate -11 + 5 - 1 - (1 + -4 - -1) - -7.
2
Evaluate 5 - (19 + -32 - (-3 + 108)) - -7 - 13.
117
Evaluate 3 + (-16 + (14 - 3) - 23).
-25
Evaluate (115 - -47 - 80) + -122.
-40
What is the value of 8 + 4 - ((-4 - 7) + 290 + -353)?
86
Calculate (28 - 50 - (13 - 7 - -10)) + (-6 - 0).
-44
Calculate -9 + 14 + -32 - (-7 + -20 - -38).
-38
(22 - -34) + (-7 - ((0 - 1) + (22 - 25)))
53
What is the value of 6 + -13 - 33 - 6 - 7?
-53
What is -253 + 229 - (-1 + -5 + 8 + (0 - 4))?
-22
What is the value of -28 + 68 + (14 - 79)?
-25
What is -36693 + 36690 - (23 + (0 - 2))?
-24
34 + 10 + -8 + (-11 - -2) + 16 + 1
44
Calculate 22 + -17 + (44 - (0 + 4)).
45
(6 - 61) + 0 + (14 - (14 + 6 + -11))
-50
Evaluate 16 - (22 - (85 - 30)).
49
Calculate (4 - 55) + -21 + 7 + 19.
-46
45 - (-8 - 30 - (17 + -38))
62
Evaluate -74 + 96 + -75 + 24.
-29
What is (0 + -12 - (304 + -314)) + -7 + 58 + 1?
50
What is the value of (1 - 5 - -14) + -60 + -5 + 6?
-49
25 - (21 + -5 + -13 + 9 + 2) - 104
-93
What is the value of -20 - (0 + 14) - -16 - 3?
-21
Evaluate -1 + 2 + (86 + -117 + (1 - -8) - 3).
-24
Calculate -4 + (-6 + 4 + -30 - (3 + 4 + -17)).
-26
81 + 8 - -3 - (5 - 6 - 10)
103
0 + 37 + 768 + -770
35
What is the value of 8 + -6 + 11 + -9 + 23 + (-38 - -36)?
25
Evaluate (11 - 4) + 11 + -8 + (14 - 71).
-47
Evaluate -14 + (1 - (32 + -20 - (-2 - (73 - -4)))).
-104
What is the value of (0 + -1 - -8) + (-2281 - -2258) + 10?
-6
Evaluate 16 + (-7 - 25) - (27 + 8).
-51
Evaluate 22 + 16 + 43 + -123.
-42
What is the value of -285 + 281 - ((1 - 1) + 75) - -6?
-73
Calculate -27 + 39 + -17 + 78 + (10 - 13).
70
What is the value of 216 - 219 - ((7 - 9) + 0 - 84)?
83
Calculate -13 + (93 - 11 - (53 + -36)) + (12 - 0).
64
Evaluate 9 + (-8 - (-5 - (14 + -18)) - (-3 + 6)).
-1
What is the value of 33 - 39 - -89 - (-2 - (-1 + 11 + -3))?
92
Evaluate -3 + (55 - 1) + (-172 + 260 - 78).
61
What is the value of -1 - (-10 + 2) - (18 + -65 + 6 + 125)?
-77
What is the value of 32 + (-40 - (4 - 24)) + (-72 - -5)?
-55
What is -1415 + 1352 + -1 + 6?
-58
Evaluate -18 - -66 - -23 - (-16 - 3).
90
What is 2635 + -2620 + (-8 - 4 - (-2 - 1 - -2))?
4
What is the value of 8 + 5 - (0 + 17 + (3 - 17))?
10
Evaluate -19 - (-18 + -7 + -24) - 174.
-144
(6 - (-41 + (2 - -30))) + 1 + -44
-28
Evaluate -39 + -136 + 191 - 63.
-47
Calculate 2 + (31 - -15 - (3 + (10 - 20) - -6)).
49
What is the value of 84 - 99 - (18 - (-3 + 5)) - -8?
-23
Calculate 52 - -4 - ((-13 - -4) + 10 - -8).
47
Evaluate 200 + -63 + -92 + 50.
95
What is the value of 11 - ((7 - (7 + -5) - 17) + -15 + 4)?
34
Evaluate 0 - -10 - (132 + -11 + -17) - 12 - -2.
-104
What is (-1 - -10) + -13 + (13 - 5) + (3 - -1)?
8
What is the value of (27 + -51 - -33 - -7) + -1 + 6?
21
Calculate (-2 - (-5 + 1)) + -17 + -875 + 898 + 0.
8
20 + -37 + 10 + 17 + 1
11
What is -5 + 2 - ((51 - -19) + -84)?
11
Calculate -20 - (-8 + 1 - (10 - 81 - -91)).
7
What is the value of (0 + 19 - -2) + (-5 - (-40 + 50 + -26))?
32
Calculate 6774 + -6772 + (0 - 13 - (2 - 1)).
-12
0 + -16 + -11 + -3 + -1 + -2 + 3
-30
Evaluate 155 + -142 - (36 + 64).
-87
Evaluate -138 + 119 - 13 - (1 - 117).
84
Evaluate 25 - (37 - (27 - 81)).
-66
Evaluate (-74 - 2) + (1 - -19) + -9.
-65
What is the value of 22 + (-3 - -34) + -30 - 155?
-132
10 + 2 + -2 - (71 - -53 - 177)
63
Calculate 14 - (5 + -4 + 18 + -8 + -20 + 8).
15
Calculate 31 + (65 + -88 - -13) - (-58 - -1).
78
Calculate -17 - (-6 + 20 + 1 + -46).
14
Calculate 17 + -6 - (-9 - (-20 - (-83 - -20))).
63
Calculate 11 - (-20 - (13 - 1)).
43
Calculate -76 - ((-216 - -224) + 0 + 1 + 1).
-86
Calculate (-104 - (-231 - -134)) + -3 + 3 + 67.
60
Evaluate (-224 - (11 - 169)) + (17 - (2 - 1)).
-50
Calculate (-154 - -9 - -147) + 74 + -1.
75
What is 146 + -190 - (-70 - 55)?
81
What is the value of 11 + 4 + (1 - 4) + -18 + 7 + 34?
35
Calculate -45 - (5 - ((4 - (6 - 4)) + 8)).
-40
Evaluate 2 - 8 - (958 + -950 + 100 + (3 - 3)).
-114
What is the value of 5 + (39 - 37) + -9 + (-11 - 1)?
-14
-7 + -87 + -412 + 427
-79
What is -29 + 3 - (12 + 2 - (-13 + (13 - -6)))?
-34
Evaluate 20 + (6 + (-4 - 18) - -23) + 0.
27
Calculate (-41 - 4) + (422 - 318).
59
-2 + 23 + 241 + -241
21
What is 176 - (50 + (66 - -32))?
28
Evaluate (-73 - -24) + 58 + 73 + 0 + 1 + 1.
84
What is -1 + -7 + 5 + (-19 - (-18 + 36 - 34))?
-6
What is the value of 2 + (-10 - (-13 - (3 - 4))) + -40 + -2?
-38
Evaluate 0 + 2 - (-1523 - -1542).
-17
What is the value of (4 - 2) + -11 - (10 + (-11 - -20 - 14))?
-14
What is the value of (18 + -4 - (-71 - -56)) + 37?
66
(-2 - 1 - (-4 + 1)) + 2 - (1 - -9)
-8
(-9 + 7 + -8 - (5 + -1)) + 135 + -205
-84
Calculate (-31 - ((66 - 27) + 27)) + 27.
-70
(9 - 0) + (-111 + 33 - -69) + 49
49
Evaluate (-583 - -623 - (3 - -44)) + 2 + -2 + -82.
-89
Evaluate 10 - (2 + 2 + (20 - 21 - 1)).
8
4 + -5 - (1 - (2 + -19 + 17)) - -53
51
What is the value of (-23 - -57) + -6 - (9 - 53)?
72
What is (49 - -26 - 56) + 9?
28
What is the value of (7 + (72 - 6) - (-11 - -16)) + 1 + -10?
59
(-1 - 43) + 51 - (3 + (-3 - -19))
-12
Evaluate -63 + -38 - -66 - (-26 - 12).
3
Evaluate (8 + -23 + 9 - -15) + 4 - (108 - -5).
-100
3 + 2 + -3 + (3 - 1 - (1672 + -1791))
123
What is 21 + 8 + (2 + -2 - 7 - -8) - -8?
38
Calculate 14 + -15 + (200 - 308 - (0 - -24)).
-133
Evaluate 39 - -78 - (13 - (-1 + (-13 - -16))).
106
What is the value of (434 - 439) + (17 - 1) - (-29 - -1)?
39
What is (1 + -16 - 58) + -9 + 8 + -17?
-91
-14 + -1 - -88 - (3 + (2 + -3 - 4))
75
-447 - -439 - (-8 + 1) - (1 + 2) - -52
48
Evaluate (-3 - 1) + 1058 + -1092 - (-5 + 2 + 0).
-35
13 + -2 + -3 + (1 + -9 - -14 - 58)
-44
Calculate (18 - 8 - -11) + 73 + -46.
48
Calculate -46 - (14 + (-19 + 43 - 17)).
-67
What is ((2 - 1) + -11 - (-1631 - -1611)) + 14?
24
What is the value of 0 + -10 - (-116 - (-71 + 6))?
41
-13 + (3 + 72 - (-7 + -9 + 15))
63
What is (10 + -19 - -6) + 4 - (-12 - (-1 - -1))?
13
Evaluate (0 - -2 - (0 + 14)) + (-1621 - -1528).
-105
110 + (31 - (188 - 132))
85
21 + -16 + 13 + 5 + 0 - 70
-47
What is (-11 - 1) + (1 - (14 + 22 + -28))?
-19
(3 - (-34 + -17)) + -21 + 26
59
What is the value of -4 - (-7 + 58) - -82?
27
What is the value of (1 - -5) + (-2 - -17 - (7 - -13))?
1
Evaluate 8 - (19 + (38 + -35 - (-8 - (2 + -5)))).
-19
What is the value of (-2 - -6 - -4) + (11 - ((10 - 0) + 3))?
6
What is the value of (7822 - 7809) + -1 + (-73 - 1)?
-62
Evaluate -2 + (5 - (-49 + (7 - -4) + -9)).
50
9 + 5 + 6 + -7 + -20 + 111
104
Evaluate 132 - (138 + -53 + -51).
98
What is -1 + 10 + -1176 + 1171 + (-6 - 0)?
-2
-59 + (-12 - (8 - (14 - -2) - 8))
-55
What is the value of (20 - -15) + -21 + -24 + -1?
-11
Evaluate -71 + (-81 - -188) + 1 + -126.
-89
What is the value of -85 + 185 + -6 - 21?
73
-16 + 5 + -13 + 27
3
Evaluate (8 + -96 - ((12 - -5) + -5 + -24)) + -12.
-88
Evaluate -23 + -8 + 19 + 9 + (-29 - 10).
-42
What is the value of (-2 - (-13 - -18)) + (20 - 55)?
-42
What is -276 + 264 - ((-79 - -7) + 8)?
52
Calculate (139 - 188) + 83 + (0 - 1 - 1).
32
18 + (-29 - -10) + (-29 - 1)
-31
What is the value of -20 + 16 - 15 - (9 + (1 - 5))?
-24
What is the value of -2 - -23 - (1404 + -